59943 prime?
False
Is 49786585 composite?
True
Is 1071060223 a composite number?
False
Is 427221287 prime?
False
Is 805143701 prime?
False
Is 292524629 a prime number?
True
Is 789806839 a composite number?
True
Is 219649399 composite?
False
Is 2843619 a composite number?
True
Is 83210983 a prime number?
True
Is 5492195 prime?
False
Is 18287134 composite?
True
Is 135281519 a prime number?
True
Is 64278233 composite?
False
Is 96975273 a composite number?
True
Is 42470497 composite?
False
Is 3714223 a composite number?
True
Is 706401469 composite?
False
Is 37383169 a composite number?
False
Is 7091857 prime?
True
Is 23694503 a prime number?
False
Is 71501599 a composite number?
True
Is 306337639 prime?
False
Is 1012892107 a prime number?
False
Is 2226221 a prime number?
True
Is 35881201 a prime number?
True
Is 666821 prime?
True
Is 39861911 a prime number?
True
Is 6830377 a composite number?
False
Is 40028147 prime?
False
Is 9046943 a composite number?
True
Is 19054253 a composite number?
True
Is 215492839 a composite number?
True
Is 23169373 a composite number?
False
Is 23003671 composite?
True
Is 299283233 prime?
True
Is 16305073 prime?
True
Is 2571031 prime?
True
Is 855527 a composite number?
False
Is 58760459 a composite number?
False
Is 22651539 composite?
True
Is 3207847 prime?
True
Is 16891517 a composite number?
False
Is 9165557 composite?
True
Is 285203 composite?
True
Is 189475399 composite?
True
Is 1072157 prime?
True
Is 110202353 a composite number?
True
Is 1104533 composite?
False
Is 10425229 composite?
False
Is 33121603 a composite number?
True
Is 115083601 prime?
False
Is 121873981 composite?
False
Is 19458751 a composite number?
True
Is 953597 a composite number?
True
Is 3681542 a composite number?
True
Is 12078179 a prime number?
False
Is 721843 a composite number?
False
Is 4362923 a prime number?
True
Is 99523 a composite number?
False
Is 5517791 prime?
False
Is 17949427 a prime number?
True
Is 963143 a composite number?
False
Is 10559047 composite?
True
Is 9875209 prime?
True
Is 50611571 prime?
True
Is 983259841 prime?
True
Is 13106747 a composite number?
False
Is 27877079 a prime number?
True
Is 4570949 a composite number?
False
Is 69367943 composite?
False
Is 4086631 a prime number?
True
Is 41162357 prime?
True
Is 30741527 a prime number?
False
Is 2819329 composite?
False
Is 11985469 a prime number?
True
Is 56969593 prime?
False
Is 139344979 prime?
False
Is 13828793 a composite number?
True
Is 1031203 composite?
True
Is 657743 composite?
False
Is 274920269 prime?
False
Is 16339534 a composite number?
True
Is 9349513 a composite number?
True
Is 36068639 a prime number?
False
Is 53128259 a composite number?
False
Is 44754819 a composite number?
True
Is 9462647 composite?
False
Is 24139807 a prime number?
True
Is 1198123 composite?
False
Is 204117653 prime?
False
Is 2534185 prime?
False
Is 730007 composite?
True
Is 30621869 composite?
False
Is 1926583 prime?
False
Is 87690479 a prime number?
False
Is 475410877 prime?
True
Is 5767841 a prime number?
True
Is 381554057 prime?
True
Is 1649310671 a composite number?
False
Is 770758907 a prime number?
True
Is 219251293 composite?
True
Is 324537 prime?
False
Is 1730843 prime?
False
Is 36571666 a prime number?
False
Is 1276603 prime?
True
Is 17451647 prime?
True
Is 1282933 composite?
False
Is 13827589 a prime number?
True
Is 3802151 composite?
False
Is 4878499 composite?
False
Is 8428921 prime?
False
Is 115386181 a composite number?
False
Is 234437149 prime?
False
Is 1183433 a composite number?
True
Is 21306407 a prime number?
True
Is 1075813 composite?
True
Is 4554523 a prime number?
True
Is 28028857 a prime number?
False
Is 19902187 composite?
False
Is 2108791 a composite number?
True
Is 33966961 prime?
False
Is 76688401 a prime number?
False
Is 15667217 a prime number?
False
Is 5038793 a composite number?
False
Is 81483869 a prime number?
True
Is 460715 a prime number?
False
Is 44541043 composite?
False
Is 64985351 a composite number?
False
Is 246403 prime?
True
Is 24602551 prime?
True
Is 434789311 prime?
False
Is 7942786 a prime number?
False
Is 231960523 a prime number?
False
Is 21728999 a composite number?
True
Is 139314253 a prime number?
False
Is 982601 a composite number?
True
Is 216945701 prime?
False
Is 765213 a prime number?
False
Is 30773929 prime?
False
Is 703631 prime?
True
Is 26986133 composite?
False
Is 661468754 prime?
False
Is 1253402 a prime number?
False
Is 81629969 composite?
True
Is 26126227 a prime number?
True
Is 45985285 composite?
True
Is 400963 composite?
False
Is 11299235 a prime number?
False
Is 3168734 composite?
True
Is 35030665 prime?
False
Is 10296679 composite?
True
Is 285054029 prime?
False
Is 15074831 a prime number?
True
Is 78865769 prime?
False
Is 2677561 prime?
False
Is 272101447 prime?
True
Is 124096919 prime?
False
Is 4285807 a prime number?
True
Is 22503661 composite?
False
Is 117253 prime?
False
Is 572491 a composite number?
False
Is 131205011 a prime number?
False
Is 60813979 composite?
False
Is 4190519 a composite number?
True
Is 1207111 a composite number?
False
Is 469161185 composite?
True
Is 4497589 composite?
False
Is 17966731 prime?
True
Is 1579783 a composite number?
False
Is 451405 a composite number?
True
Is 7702463 composite?
True
Is 67919359 a composite number?
True
Is 6122099 a prime number?
False
Is 131854153 composite?
False
Is 59308957 a prime number?
True
Is 364360583 a composite number?
True
Is 22943631 a composite number?
True
Is 40129433 a composite number?
False
Is 51938489 composite?
False
Is 919559 composite?
False
Is 225511357 a composite number?
True
Is 83739869 prime?
True
Is 181961861 a prime number?
True
Is 68958673 a composite number?
True
Is 103090033 a composite number?
False
Is 231491 a composite number?
True
Is 16769981 a prime number?
True
Is 1463831 composite?
True
Is 915113 prime?
True
Is 14305573 prime?
True
Is 3930119 prime?
False
Is 155328634 a prime number?
False
Is 229093 composite?
False
Is 5105878 a composite number?
True
Is 330333641 a composite number?
True
Is 84619 a prime number?
False
Is 1683997 a prime number?
False
Is 672361 a prime number?
False
Is 43284779 a prime number?
True
Is 183324706 a composite number?
True
Is 2428369 prime?
True
Is 3794095 a composite number?
True
Is 651606053 a prime number?
False
Is 9441961 a prime number?
True
Is 2371037 a prime number?
False
Is 35027281 a composite number?
False
Is 677717 composite?
False
Is 133946 a composite number?
True
Is 10673077 a composite number?
True
Is 1848311 composite?
False
Is 4846529 composite?
False
Is 21810821 composite?
False
Is 221890661 composite?
False
Is 8809469 a composite number?
False
Is 983159 composite?
True
Is 909919 prime?
False
Is 11928013 composite?
True
Is 53093299 a composite number?
True
Is 192840281 a prime number?
True
Is 3107359 a composite number?
False
Is 14840563 prime?
True
Is 6686633 composite?
True
Is 23274599 a prime number?
True
Is 334231 a prime number?
True
Is 6598937 prime?
False
Is 178556711 composite?
False
Is 10061962 composite?
True
Is 15834587 a composite number?
False
Is 9430507 a composite number?
False
Is 347747 a prime number?
True
Is 4029911 composite?
False
Is 477014717 composite?
False
Is 1283029 composite?
True
Is 57479377 a prime number?
False
Is 37075459 a prime number?
False
Is 3685873 a composite number?
True
Is 6349849 composite?
True
Is 2083763 a composite number?
True
Is 3754963 a prime number?
True
Is 2206257 a composite number?
True
Is 1044777883 a prime number?
True
Is 115883143 a composite number?
True
Is 31609421 prime?
False
Is 31883009 a composite number?
True
Is 6949967 composite?
False
Is 483647713 a prime number?
False
Is 88674401 a composite number?
False
Is 10571345 composite?
True
Is 220969013 prime?
True
Is 2240369 composite?
False
Is 370399 prime?
True
Is 1759009 composite?
True
Is 88813243 a composite number?
False
Is 100253 a composite number?
True
Is 16642793 a prime number?
True
Is 124918889 prime?
False
Is 55373473 composite?
True
Is 205913 a composite number?
False
Is 401239 a prime number?
False
Is 159158 composite?
True
Is 111532667 prime?
True
Is 241409489 a composite number?
False
Is 341423 prime?
True
Is 12007477 a composite number?
False
Is 2475905 p